{"id":7033,"date":"2022-12-20T02:44:37","date_gmt":"2022-12-20T02:44:37","guid":{"rendered":"https:\/\/tradea.com.tr\/?post_type=product&#038;p=7033"},"modified":"2023-01-03T03:53:39","modified_gmt":"2023-01-03T03:53:39","slug":"dk-serisi-buatlar","status":"publish","type":"product","link":"https:\/\/tradea.com.tr\/index.php\/product\/dk-serisi-buatlar\/","title":{"rendered":"DK Serisi Buatlar"},"content":{"rendered":"<ul>\n<li>\u00c7\u0131kart\u0131labilir elastik membranl\u0131 kablo giri\u015fleri<\/li>\n<li>\u00c7e\u015fitli boyutlardaki kablo giri\u015flerine uygun k\u0131rmal\u0131 tip kademeli metrik yuvalar<\/li>\n<li>Koruma s\u0131n\u0131f\u0131: IP 66<\/li>\n<li>Malzeme: Polipropilen &amp; Polikarbonat<\/li>\n<li>IEC 60695-2-11 standartlar\u0131na uygun olarak; k\u0131zg\u0131n tel deneyinde yanma davran\u0131\u015f\u0131 750 \u00b0C, alev geciktirici ve kendili\u011finden s\u00f6nme\/s\u00f6n\u00fcmleme \u00f6zelli\u011fi<\/li>\n<li>Renk kodu: Gri &#8211; RAL 7035<\/li>\n<li>Darbe direnci: IK 07 (2 joule)<\/li>\n<\/ul>\n<p><strong>Kullan\u0131m Alanlar\u0131:<\/strong><\/p>\n<ul>\n<li>T\u00fcneller<\/li>\n<li>\u00d6zel Makine \u00dcreticileri<\/li>\n<li>Limanlar<\/li>\n<li>Kompleks yap\u0131lar<\/li>\n<li>So\u011futma Sistemleri<\/li>\n<li>Demir \u00c7elik Tesisleri<\/li>\n<li>\u00c7imento Fabrikalar\u0131<\/li>\n<\/ul>\n","protected":false},"excerpt":{"rendered":"<p>Korunakl\u0131 d\u0131\u015f ortama (sa\u00e7ak alt\u0131 vs) uygun Hensel buatlar<\/p>\n","protected":false},"featured_media":7049,"comment_status":"open","ping_status":"closed","template":"","meta":[],"product_cat":[92],"product_tag":[],"class_list":["post-7033","product","type-product","status-publish","has-post-thumbnail","hentry","product_cat-standart-buatlar"],"_links":{"self":[{"href":"https:\/\/tradea.com.tr\/index.php\/wp-json\/wp\/v2\/product\/7033","targetHints":{"allow":["GET"]}}],"collection":[{"href":"https:\/\/tradea.com.tr\/index.php\/wp-json\/wp\/v2\/product"}],"about":[{"href":"https:\/\/tradea.com.tr\/index.php\/wp-json\/wp\/v2\/types\/product"}],"replies":[{"embeddable":true,"href":"https:\/\/tradea.com.tr\/index.php\/wp-json\/wp\/v2\/comments?post=7033"}],"version-history":[{"count":2,"href":"https:\/\/tradea.com.tr\/index.php\/wp-json\/wp\/v2\/product\/7033\/revisions"}],"predecessor-version":[{"id":8094,"href":"https:\/\/tradea.com.tr\/index.php\/wp-json\/wp\/v2\/product\/7033\/revisions\/8094"}],"wp:featuredmedia":[{"embeddable":true,"href":"https:\/\/tradea.com.tr\/index.php\/wp-json\/wp\/v2\/media\/7049"}],"wp:attachment":[{"href":"https:\/\/tradea.com.tr\/index.php\/wp-json\/wp\/v2\/media?parent=7033"}],"wp:term":[{"taxonomy":"product_cat","embeddable":true,"href":"https:\/\/tradea.com.tr\/index.php\/wp-json\/wp\/v2\/product_cat?post=7033"},{"taxonomy":"product_tag","embeddable":true,"href":"https:\/\/tradea.com.tr\/index.php\/wp-json\/wp\/v2\/product_tag?post=7033"}],"curies":[{"name":"wp","href":"https:\/\/api.w.org\/{rel}","templated":true}]}}