{"id":7136,"date":"2022-12-20T14:14:29","date_gmt":"2022-12-20T14:14:29","guid":{"rendered":"https:\/\/tradea.com.tr\/?post_type=product&#038;p=7136"},"modified":"2023-01-03T03:45:28","modified_gmt":"2023-01-03T03:45:28","slug":"rakorlar","status":"publish","type":"product","link":"https:\/\/tradea.com.tr\/index.php\/product\/rakorlar\/","title":{"rendered":"Rakorlar"},"content":{"rendered":"<ul>\n<li>Soketlerden bas\u0131n\u00e7 dengeleme elemanlar\u0131na kadar, t\u00fcm uygulamalar i\u00e7in en uygun kablo giri\u015fi se\u00e7ene\u011fi<\/li>\n<li>Koruma s\u0131n\u0131f\u0131 IP 54 \u2013 IP 66\/IP 67\/IP 69 aras\u0131<\/li>\n<li>Sistem testi<\/li>\n<li>3 mm\u2019den 72 mm \u00e7apa kadar s\u0131zd\u0131rmazl\u0131k seviyesi<\/li>\n<li>M12\u2019den M63\u2019e kadar metrik kablo rakorlar\u0131<\/li>\n<li>\u0130\u00e7 ve d\u0131\u015f tesisatlar i\u00e7in kablo giri\u015fleri<\/li>\n<li>Elastik membranl\u0131 s\u0131zd\u0131rmaz yap\u0131da kablo ba\u011flant\u0131 rakorlar\u0131<\/li>\n<li>Kablo rakorlar\u0131nda ba\u011flant\u0131da her zaman somun mevcuttur<\/li>\n<\/ul>\n","protected":false},"excerpt":{"rendered":"<p>Bir\u00e7ok \u00f6l\u00e7\u00fc ve IP koruma s\u0131n\u0131f\u0131nda Hensel rakorlar<\/p>\n","protected":false},"featured_media":7061,"comment_status":"open","ping_status":"closed","template":"","meta":[],"product_cat":[82],"product_tag":[],"class_list":["post-7136","product","type-product","status-publish","has-post-thumbnail","hentry","product_cat-kablo-giris-sistemleri"],"_links":{"self":[{"href":"https:\/\/tradea.com.tr\/index.php\/wp-json\/wp\/v2\/product\/7136","targetHints":{"allow":["GET"]}}],"collection":[{"href":"https:\/\/tradea.com.tr\/index.php\/wp-json\/wp\/v2\/product"}],"about":[{"href":"https:\/\/tradea.com.tr\/index.php\/wp-json\/wp\/v2\/types\/product"}],"replies":[{"embeddable":true,"href":"https:\/\/tradea.com.tr\/index.php\/wp-json\/wp\/v2\/comments?post=7136"}],"version-history":[{"count":2,"href":"https:\/\/tradea.com.tr\/index.php\/wp-json\/wp\/v2\/product\/7136\/revisions"}],"predecessor-version":[{"id":8080,"href":"https:\/\/tradea.com.tr\/index.php\/wp-json\/wp\/v2\/product\/7136\/revisions\/8080"}],"wp:featuredmedia":[{"embeddable":true,"href":"https:\/\/tradea.com.tr\/index.php\/wp-json\/wp\/v2\/media\/7061"}],"wp:attachment":[{"href":"https:\/\/tradea.com.tr\/index.php\/wp-json\/wp\/v2\/media?parent=7136"}],"wp:term":[{"taxonomy":"product_cat","embeddable":true,"href":"https:\/\/tradea.com.tr\/index.php\/wp-json\/wp\/v2\/product_cat?post=7136"},{"taxonomy":"product_tag","embeddable":true,"href":"https:\/\/tradea.com.tr\/index.php\/wp-json\/wp\/v2\/product_tag?post=7136"}],"curies":[{"name":"wp","href":"https:\/\/api.w.org\/{rel}","templated":true}]}}