{"id":8617,"date":"2023-11-09T03:56:08","date_gmt":"2023-11-09T03:56:08","guid":{"rendered":"https:\/\/tradea.com.tr\/?post_type=product&#038;p=8617"},"modified":"2023-11-09T03:56:08","modified_gmt":"2023-11-09T03:56:08","slug":"dijital-yildirim-sayaci","status":"publish","type":"product","link":"https:\/\/tradea.com.tr\/index.php\/product\/dijital-yildirim-sayaci\/","title":{"rendered":"Dijital Y\u0131ld\u0131r\u0131m Sayac\u0131"},"content":{"rendered":"","protected":false},"excerpt":{"rendered":"<p>Citel LSC-A-DIN<\/p>\n","protected":false},"featured_media":8618,"comment_status":"open","ping_status":"closed","template":"","meta":[],"product_cat":[120],"product_tag":[],"class_list":["post-8617","product","type-product","status-publish","has-post-thumbnail","hentry","product_cat-diger-koruma-urunleri"],"_links":{"self":[{"href":"https:\/\/tradea.com.tr\/index.php\/wp-json\/wp\/v2\/product\/8617","targetHints":{"allow":["GET"]}}],"collection":[{"href":"https:\/\/tradea.com.tr\/index.php\/wp-json\/wp\/v2\/product"}],"about":[{"href":"https:\/\/tradea.com.tr\/index.php\/wp-json\/wp\/v2\/types\/product"}],"replies":[{"embeddable":true,"href":"https:\/\/tradea.com.tr\/index.php\/wp-json\/wp\/v2\/comments?post=8617"}],"version-history":[{"count":1,"href":"https:\/\/tradea.com.tr\/index.php\/wp-json\/wp\/v2\/product\/8617\/revisions"}],"predecessor-version":[{"id":8619,"href":"https:\/\/tradea.com.tr\/index.php\/wp-json\/wp\/v2\/product\/8617\/revisions\/8619"}],"wp:featuredmedia":[{"embeddable":true,"href":"https:\/\/tradea.com.tr\/index.php\/wp-json\/wp\/v2\/media\/8618"}],"wp:attachment":[{"href":"https:\/\/tradea.com.tr\/index.php\/wp-json\/wp\/v2\/media?parent=8617"}],"wp:term":[{"taxonomy":"product_cat","embeddable":true,"href":"https:\/\/tradea.com.tr\/index.php\/wp-json\/wp\/v2\/product_cat?post=8617"},{"taxonomy":"product_tag","embeddable":true,"href":"https:\/\/tradea.com.tr\/index.php\/wp-json\/wp\/v2\/product_tag?post=8617"}],"curies":[{"name":"wp","href":"https:\/\/api.w.org\/{rel}","templated":true}]}}